 b(g) = g**2 + 6*g + 10. Let n be b(-7). Suppose 5*f + 2*w - 52 = 0, -3*w - n = -3*f + 31. Let a = 11 + -6. What is the remainder when f is divided by a?
2
Let n(c) = 9*c - 22. Calculate the remainder when 108 is divided by n(5).
16
Suppose -4*m - 90 = -k, 3*k - 94 = 4*m + 4*k. Let z be -1 + m*(2 - 1). Let i = z - -43. Calculate the remainder when i is divided by 7.
5
Let a = -24 + 32. Let r(z) = -z - 5. Let d be r(-5). Suppose -3*y + 3 = 3*b - d, 0 = 4*b - 4*y - 20. What is the remainder when a is divided by b?
2
Let d = -102 - -116. What is the remainder when d is divided by 2?
0
Let m = 2 + 0. Let q(f) = 14*f - 1. Let o be q(1). Suppose -8 = z + 3*l, -4*z = -l - o - 7. Calculate the remainder when z is divided by m.
0
Suppose 7*h = 177 - 9. Calculate the remainder when h is divided by 7.
3
Let i(z) = z**2 - 2. Let p be i(2). Let t(o) = 3*o**p - 5*o + 3*o + 2 - 4. What is the remainder when 10 is divided by t(2)?
4
Let n(t) = t**2 - 7*t + 7. Let j be n(7). Let i = 7 - j. Suppose -q = -i*g - 5*g, 2*g = -4*q + 22. What is the remainder when 14 is divided by q?
4
Let b = 89 - 75. Calculate the remainder when (-54)/(-3)*(1 + 2) is divided by b.
12
Let r be ((-12)/8)/(6/(-16)). Suppose -4*f + 4 = -4, 0 = -2*w + r*f + 6. Calculate the remainder when 25 is divided by w.
4
Calculate the remainder when 40 is divided by (-4)/(-10) + 0 - (-618)/30.
19
Let b(y) = -y + 2. Let p be b(-5). Let i = -1 - p. Calculate the remainder when 1/4 + (-38)/i is divided by 3.
2
Suppose 0 = -4*x - 16, 72 = -a + 3*a - x. Suppose g - 2*g = -9. Calculate the remainder when a is divided by g.
7
Let h(n) = n**3 - 2*n**2 - 2*n - 4. Calculate the remainder when h(4) is divided by 9 - (1 + (1 - 0)).
6
Let x(d) = -d - 1. Let u(z) = 4*z + 11. Let l(j) = -u(j) - 2*x(j). Let i be l(-6). Suppose -g = i*g - 76. What is the remainder when g is divided by 7?
5
Let m = -9 + 29. Suppose -4*h + 16 = -m. Calculate the remainder when 25 is divided by h.
7
Suppose 0*o - 4*o + 12 = 0. Suppose -o*t + 14 = -t. Suppose 17 = 2*d - t. What is the remainder when d is divided by 7?
5
Let d be ((-8)/(-10))/(6/(-60)). Suppose 0 = 3*j - 21 + 12. Calculate the remainder when (-1 + 0)/(1/d) is divided by j.
2
Suppose 3*s - 3*l - 22 = 2*l, -3*l = s + 2. Suppose 193 = 5*v - 77. Suppose 5*w = 4*b - v, b - 2*w - 9 = -3*w. What is the remainder when b is divided by s?
3
Suppose -6*k = -3*k - 2*u - 1, 0 = 2*k - 3*u + 1. Let g(l) = 33*l + 19*l - 3*l - 1. What is the remainder when g(k) is divided by 17?
14
Calculate the remainder when 74 is divided by (187/34)/(((-3)/(-2))/3).
8
Let j(n) be the first derivative of n**3/3 - n**2/2 + 15*n + 2. What is the remainder when j(0) is divided by 9?
6
Let s(q) = q**2 - q - 3. What is the remainder when 78 is divided by s(-5)?
24
Suppose 5*z = v + 4*v - 165, -4*z - 95 = -3*v. What is the remainder when v is divided by (-1 - (-2 + 2)) + 14?
11
Let g(z) = 4*z + 2. Let f be g(-2). Calculate the remainder when 2 is divided by 1 + (3 - f/(-2)).
0
Let w = 236 - 151. What is the remainder when w is divided by 29?
27
Suppose y - 14 = -3*p, -3*y - 3*p + 4 + 20 = 0. Suppose -y*n + 71 = -2*s - 87, -26 = -n - s. What is the remainder when n is divided by 16?
14
Calculate the remainder when 258 is divided by 1*(387/6 + (-2)/(-4)).
63
Let r(i) = -9*i - 42. What is the remainder when 40 is divided by r(-6)?
4
Let p = -3 - -22. Suppose -21 = -5*m + 5*a + 164, -4*m - 4*a + 148 = 0. Calculate the remainder when m is divided by p.
18
Suppose d - 160 = -d. Calculate the remainder when 35 is divided by (d/12)/5*9.
11
Suppose 3*d - 2*j + 17 - 1 = 0, -2*j = 2*d + 4. Let t(x) = x**3 + 4*x**2 - x + 1. What is the remainder when t(d) is divided by 2?
1
Let l be (10/8)/(7/28). Suppose l*q + 1 = 5*j - 9, 2*q - 14 = -j. Calculate the remainder when 20 is divided by j.
2
Let g = 78 + -152. Let t be -2 + 3 + -130 - -5. Let i = g - t. What is the remainder when i is divided by 13?
11
Let x(z) = -z**3 + 7*z**2 - 6*z + 4. Let g be x(6). Calculate the remainder when ((-19)/4)/((-1)/g) is divided by 7.
5
Suppose 0*v + 2*v - 4 = 0. Suppose -v*u = -7*u + 5. What is the remainder when (2/6)/(u/75) is divided by 13?
12
Let a(j) = -4*j**3 + j**2 - 3*j - 4. Let b be a(4). What is the remainder when (b/(-20))/(3/15) is divided by 22?
20
Let d(m) = -15*m**3 - m. Let u be 0/(6/3*-1). Suppose -2*z - 2 = -u*z. Calculate the remainder when 30 is divided by d(z).
14
Let r(j) = j + 4. Let l be r(-14). Let m = 15 + l. Calculate the remainder when 18 is divided by m.
3
Let m(w) = w**3 - 9*w**2 + 6*w + 13. Let a = -16 - -33. What is the remainder when m(9) is divided by a?
16
Suppose 0 = 2*a + 14 - 60. Suppose 11 = -4*q + 63. Suppose -3*y + 11 = -q. Calculate the remainder when a is divided by y.
7
Let z = 2 - -29. Let v = z - 18. What is the remainder when v is divided by (-2 - -1)/(5/(-25))?
3
Suppose 0 = -4*g - 2*q + 272, 0*q - 144 = -2*g + q. What is the remainder when g is divided by 38?
32
Let s = 20 + 20. Suppose -q + 8 = -4*x, q + x + 3*x = s. Calculate the remainder when q is divided by 13.
11
Let q = 22 - 9. What is the remainder when 51 is divided by q?
12
Let a(r) = -r + 6. Let q be a(6). Suppose q*y = -5*y + 20. Suppose -3*h = -2*n + h + 106, y*h - 152 = -4*n. Calculate the remainder when n is divided by 11.
10
Let a be 3/2*-1*-2. Suppose l - a*g - 22 = -0*l, 25 = 5*l + 2*g. Let f(b) = -b. What is the remainder when l is divided by f(-4)?
3
Suppose 30*c = 26*c + 108. What is the remainder when c is divided by 8 - -1 - 1 - 1?
6
Suppose -17 = 4*c - 89. What is the remainder when 1976/39 - (8/6)/(-4) is divided by c?
15
Calculate the remainder when 3 is divided by -1*-2*(-2)/(-20)*5.
0
Let s = 37 - 16. Let n(q) = -q**2 - 5*q - 4. Let m be n(-3). Suppose 0 = -m*b + 6*b - 44. What is the remainder when s is divided by b?
10
Suppose -y = 3 - 5. Suppose -4*a + a - 25 = -4*w, -2*w + 2 = 2*a. What is the remainder when w is divided by y?
0
Let f be -4 + 5 - (-4 - 1). What is the remainder when (-2 + f)*(-68)/(-16) is divided by 5?
2
Let o = 2 + -3. Let l = -55 + 117. Calculate the remainder when l is divided by o/5 - (-212)/10.
20
Suppose 2*y - y - 13 = 0. Calculate the remainder when 42*4/28*6 is divided by y.
10
What is the remainder when 56 is divided by 118/6 + (3 - (-55)/(-15))?
18
Suppose -4*o + 48 + 197 = -5*c, 0 = -2*o - c + 133. What is the remainder when 127 is divided by o?
62
Let x(r) = -r**2 - 10*r + r + 3*r - 5 + 2. Calculate the remainder when 5 is divided by x(-5).
1
Let t = -7 + 10. Suppose 0*k = 3*x + t*k - 30, k - 4 = 0. What is the remainder when 17 is divided by x?
5
Suppose -10*g + 11*g = 1. What is the remainder when 4 is divided by g?
0
Suppose -i = 4*y - 304, -5*i + 0*i = 20. Let c = y - 34. Suppose -2*g + 9 = -3*v + c, v + 3*g = -7. What is the remainder when v is divided by 5?
3
Let a(d) = d**2 + 4*d + 10. What is the remainder when 56 is divided by a(-5)?
11
Suppose -17 = r - 2. Let o(h) = -h**3 - 14*h**2 + 13*h - 20. Let y(f) = 2*f**2 + 3*f - 1. What is the remainder when y(-4) is divided by o(r)?
9
Let j(a) = a. Let x be j(5). Suppose 46 = -4*h + 7*h + b, x*b - 34 = -h. Calculate the remainder when 52 is divided by h.
10
Let k = 43 + -2. Let c = 84 - 70. Calculate the remainder when k is divided by c.
13
Suppose v + 17 = -5*a + 2*a, 5*v + 21 = a. Let o = v - -6. Calculate the remainder when ((-2)/3)/((-2)/3) is divided by o.
0
Let x(t) = -t + 11. Let z be x(8). Suppose -17 + 146 = z*w. Let g = -5 + w. What is the remainder when g is divided by 13?
12
Suppose 2*r - 6*r - 3*f + 228 = 0, -2*r + 3*f = -114. Calculate the remainder when 113 is divided by r.
56
Let p(b) = 3*b - 8. Let d(t) = -7*t**3 + t. Let k(r) = r**3 + 4*r**2 + 4*r + 2. Let j be k(-3). What is the remainder when p(6) is divided by d(j)?
4
Suppose 0 = -13*x - x + 266. What is the remainder when 37 is divided by x?
18
Let h = -5 - -9. Suppose -h*k = -k - 5*p + 13, 0 = -k + 4*p - 16. Calculate the remainder when 7 is divided by k.
3
Let g(n) = 2*n**2 - 5*n + 3. Let s be g(3). Let r be (-4)/s*(1 - 4). Suppose r*v = o - 6, 0 = 5*o + 3*v - 27 - 3. What is the remainder when 17 is divided by o?
5
Let l = -2 + 11. Let z = l - -31. Calculate the remainder when (z/(-6))/((-8)/12) is divided by 3.
1
Let w be 2/12 - 87/(-18). Suppos